{"id":441,"date":"2021-02-07T09:48:19","date_gmt":"2021-02-07T09:48:19","guid":{"rendered":"https:\/\/stumilowylas.edu.pl\/?page_id=441"},"modified":"2021-02-07T11:37:47","modified_gmt":"2021-02-07T11:37:47","slug":"adptacja","status":"publish","type":"page","link":"https:\/\/stumilowylas.edu.pl\/index.php\/zlobek\/zlobek-w-maryninie-nowa-placowka\/adptacja\/","title":{"rendered":"Adaptacja | \u017c\u0142obek w Maryninie"},"content":{"rendered":"<div class='grid_row clearfix'><div class='grid_col grid_col_12'><div class='ce clearfix'><div>\n<p>Zaj\u0119cia adaptacyjne<\/p>\n<p>W \u017c\u0142obku Stumilowy Las organizowane s\u0105 bezp\u0142atne zaj\u0119cia adaptacyjne. Adaptacja trwa tydzie\u0144 po dwie godziny dziennie. Dziecko mo\u017ce w tym czasie pozna\u0107 swoj\u0105 przysz\u0142\u0105 cioci\u0119, zapozna\u0107 si\u0119 z pomieszczeniami przeznaczonymi do zabawy, pobawi\u0107 zabawkami (na pewno znajdzie \u015bwietne auto lub lalk\u0119, kt\u00f3rych nie ma w domu). Je\u015bli jest mo\u017cliwo\u015b\u0107 pozostawienia malucha samego w plac\u00f3wce na godzin\u0119 lub dwie \u2013 skorzystajcie z tego rozwi\u0105zania. Zaj\u0119cia adaptacyjne pomagaj\u0105 zmniejszy\u0107 niepok\u00f3j zwi\u0105zany z now\u0105 sytuacj\u0105, jak\u0105 jest p\u00f3j\u015bcie do \u017c\u0142obka. Podczas dni adaptacyjnych dziecko sp\u0119dza czas w \u017c\u0142obku z rodzicem, przyzwyczajaj\u0105c si\u0119 do nowego otoczenia i stopniowo zyskuj\u0105c poczucie bezpiecze\u0144stwa. Nasze panie przygotowuj\u0105 dla dzieci odpowiednie zabawy i zaj\u0119cia, aby ten wa\u017cny i \u2013 nie ma co ukrywa\u0107 \u2013 trudny moment p\u00f3j\u015bcia dziecka do \u017c\u0142obka przebieg\u0142 jak najbardziej \u0142agodnie i naturalnie.<\/p>\n<p>Jak u\u0142atwi\u0107 dziecku bezstresow\u0105 adaptacj\u0119 w \u017c\u0142obku:<\/p>\n<p>nie wymykajcie si\u0119 ukradkiem \u2013 to bardzo wa\u017cne, \u017ceby dziecko poczu\u0142o si\u0119 bezpiecznie \u2013 mama czy tata po\u017cegnali si\u0119 i poszli do pracy, niech maluch wie, \u017ce wr\u00f3cicie. Wymykanie si\u0119 bez po\u017cegnania nie wyjdzie na dobre ani dziecku (gdy nagle zauwa\u017cy znikni\u0119cie rodzica), ani wam (b\u0119dziecie si\u0119 denerwowa\u0107, jak zareaguje, gdy zobaczy wasz\u0105 nieobecno\u015b\u0107);<br \/>\n\u017cegnajcie si\u0119 z dzieckiem kr\u00f3tko \u2013 nawet je\u015bli ono p\u0142acze, przytulcie je, powiedzcie, \u017ce wr\u00f3cicie zaraz po obiedzie, poca\u0142ujcie i wyjd\u017acie \u2013 przeci\u0105ganie momentu po\u017cegnania to kolejny stres dla dziecka i kolejne \u0142zy;<br \/>\nb\u0105d\u017acie konsekwentni w posy\u0142aniu dziecka do \u017c\u0142obka \u2013 nie rezygnujcie z p\u00f3j\u015bcia do \u017c\u0142obka, je\u015bli dziecko p\u0142acze, tupie nogami, kurczowo si\u0119 was trzyma \u2013 jest to normalna reakcja na rozstanie z rodzicem, zwykle taki stan utrzymuje si\u0119 do 10-15 minut od wyj\u015bcia rodzica ze \u017c\u0142obka, a potem mija i dziecko w\u0142\u0105cza si\u0119 w zabaw\u0119 grupy;<br \/>\npozw\u00f3lcie zabra\u0107 dziecku ulubion\u0105 zabawk\u0119, z kt\u00f3r\u0105 ma zwi\u0105zane mi\u0142e wspomnienia, nie rozstaje si\u0119 z ni\u0105 w domu. Mo\u017ce to by\u0107 tak\u017ce kocyk, poduszka czy inny lubiany przez dziecko przedmiot, dzi\u0119ki kt\u00f3remu \u0142atwiej b\u0119dzie mu znie\u015b\u0107 roz\u0142\u0105k\u0119 z rodzicami.<br \/>\nDobrze jest r\u00f3wnie\u017c stopniowo wyd\u0142u\u017ca\u0107 pobyt dziecka w \u017c\u0142obku \u2013 niech codziennie zostaje w plac\u00f3wce d\u0142u\u017cej o 30 minut, ani si\u0119 obejrzycie, jak b\u0119dzie sp\u0119dza\u0142o w \u017c\u0142obku ca\u0142y dzie\u0144 bez \u0142ez i rozpaczy. Codziennie okazujcie zainteresowanie dla czynno\u015bci, kt\u00f3re dziecko wykonywa\u0142o w \u017c\u0142obku \u2013 pytajcie, w co i z kim si\u0119 bawi\u0142o, czy pozna\u0142o jak\u0105\u015b now\u0105 piosenk\u0119, wierszyk \u2013 mo\u017cecie tak\u017ce wsp\u00f3lnie bawi\u0107 si\u0119 w podobny spos\u00f3b w domu, co poka\u017ce dziecku, \u017ce wy te\u017c lubicie te zabawy. Je\u015bli wasza pociecha nawi\u0105\u017ce nowe znajomo\u015bci, zapro\u015bcie od czasu do czasu w sobot\u0119 czy niedziel\u0119 nowego koleg\u0119, dbajcie o przyja\u017anie nawi\u0105zywane przez dziecko \u2013 razem z koleg\u0105 b\u0119dzie mu \u0142atwiej przezwyci\u0119\u017ca\u0107 smutek.<\/p>\n<\/div><\/div><\/div><\/div>\n","protected":false},"excerpt":{"rendered":"","protected":false},"author":1,"featured_media":0,"parent":438,"menu_order":0,"comment_status":"closed","ping_status":"closed","template":"","meta":{"footnotes":""},"class_list":["post-441","page","type-page","status-publish","hentry"],"_links":{"self":[{"href":"https:\/\/stumilowylas.edu.pl\/index.php\/wp-json\/wp\/v2\/pages\/441","targetHints":{"allow":["GET"]}}],"collection":[{"href":"https:\/\/stumilowylas.edu.pl\/index.php\/wp-json\/wp\/v2\/pages"}],"about":[{"href":"https:\/\/stumilowylas.edu.pl\/index.php\/wp-json\/wp\/v2\/types\/page"}],"author":[{"embeddable":true,"href":"https:\/\/stumilowylas.edu.pl\/index.php\/wp-json\/wp\/v2\/users\/1"}],"replies":[{"embeddable":true,"href":"https:\/\/stumilowylas.edu.pl\/index.php\/wp-json\/wp\/v2\/comments?post=441"}],"version-history":[{"count":3,"href":"https:\/\/stumilowylas.edu.pl\/index.php\/wp-json\/wp\/v2\/pages\/441\/revisions"}],"predecessor-version":[{"id":528,"href":"https:\/\/stumilowylas.edu.pl\/index.php\/wp-json\/wp\/v2\/pages\/441\/revisions\/528"}],"up":[{"embeddable":true,"href":"https:\/\/stumilowylas.edu.pl\/index.php\/wp-json\/wp\/v2\/pages\/438"}],"wp:attachment":[{"href":"https:\/\/stumilowylas.edu.pl\/index.php\/wp-json\/wp\/v2\/media?parent=441"}],"curies":[{"name":"wp","href":"https:\/\/api.w.org\/{rel}","templated":true}]}}