{"id":28,"date":"2018-10-18T10:38:21","date_gmt":"2018-10-18T10:38:21","guid":{"rendered":"https:\/\/stumilowylas.edu.pl\/?page_id=28"},"modified":"2021-02-07T09:57:51","modified_gmt":"2021-02-07T09:57:51","slug":"grupy","status":"publish","type":"page","link":"https:\/\/stumilowylas.edu.pl\/index.php\/zlobek\/cennik-zlobek-w-jozefoslawiu\/grupy\/","title":{"rendered":"Grupy | \u017c\u0142obek w J\u00f3zefos\u0142awiu"},"content":{"rendered":"<div class='grid_row clearfix'><div class='grid_col grid_col_12'><div class='ce clearfix'><div>\n<p>Do Naszej plac\u00f3wki ucz\u0119szczaj\u0105 dzieci w wieku od 6 miesi\u0119cy do 3,5 lat. Tworzymy trzy grupy u charakterze otwartym. Wyznacznikiem przynale\u017cno\u015bci do danej grupy jest nie tylko wiek ale tak\u017ce, co jest najbardziej istotne, rozw\u00f3j emocjonalny i fizyczny dziecka. Staramy si\u0119 tworzy\u0107 grupy dzieci, kt\u00f3re znajduj\u0105 si\u0119 na podobnym poziomie rozwoju, aby wsp\u00f3lnie, w podobnym tempie rozwija\u0142y swoje umiej\u0119tno\u015bci.<\/p>\n<\/div><\/div><\/div><\/div><div class='grid_row clearfix'><div class='grid_col grid_col_4'><div class='ce clearfix'><h3 class=\"ce_title\"><div>MALUCHY <\/div><\/h3><div>\n<p>Do tej grupy ucz\u0119szczaj\u0105 dzieci w wieku od ok. 0,6 m-ca do ok.1,5 roku \u017cycia. Plan dnia jest indywidualnie dostosowany do ka\u017cdego Maluszka. Jest bardzo elastyczny, dzi\u0119ki czemu Dzieci \u015bpi\u0105, jedz\u0105 i bawi\u0105 si\u0119 wtedy, kiedy tego potrzebuj\u0105. Ciocie kieruj\u0105 si\u0119 indywidualnymi potrzebami poszczeg\u00f3lnych dzieci i wskaz\u00f3wkami Rodzic\u00f3w.Some content here depending on data type<\/p>\n<\/div><\/div><\/div><div class='grid_col grid_col_4'><div class='ce clearfix'><h3 class=\"ce_title\"><div>\u015aREDNIAKI<\/div><\/h3><div>\n<p>Do grupy ucz\u0119szczaj\u0105 dzieci w wieku od 1,5 do 2,5 lat. Naszym pociechom w ci\u0105gu dnia zapewniamy opiek\u0119 na wysokim poziomie, \u0142\u0105czymy nauk\u0119 z zabaw\u0105, rozwijamy wyobra\u017ani\u0119 i dbamy o wszechstronny rozw\u00f3j i bezpiecze\u0144stwo Waszych dzieci. Ciocie organizuj\u0105 zaj\u0119cia: plastyczne, ruchowe, muzyczne, zabawy z chust\u0105 animacyjn\u0105, zabawy manipulacyjne.<\/p>\n<\/div><\/div><\/div><div class='grid_col grid_col_4'><div class='ce clearfix'><h3 class=\"ce_title\"><div>STARSZAKI<\/div><\/h3><div>\n<p>Do grupy ucz\u0119szczaj\u0105 dzieci w wieku od 2,5 do 3,5 roku. W grupie<br \/>\nprowadzone s\u0105 zaj\u0119cia rozwojowe: czytanie bajek, wierszyk\u00f3w, rymowanek,<br \/>\nplastyczne &#8211; rysowanie, malowanie, kolorowanie, lepienie z plasteliny ,<br \/>\nmuzyczne: \u015bpiewanie, ta\u0144czenie. Dzieci ucz\u0105 si\u0119 podstawowej samoobs\u0142ugi, wprowadzane s\u0105 elementy gimnastyki. Dodatkowo 2 razy w tygodniu odbywaj\u0105 s\u0105 zaj\u0119cia<br \/>\nz j\u0119zyka angielskiego.&nbsp;<\/p>\n<\/div><\/div><\/div><\/div>\n","protected":false},"excerpt":{"rendered":"","protected":false},"author":1,"featured_media":0,"parent":433,"menu_order":0,"comment_status":"closed","ping_status":"closed","template":"","meta":{"footnotes":""},"class_list":["post-28","page","type-page","status-publish","hentry"],"_links":{"self":[{"href":"https:\/\/stumilowylas.edu.pl\/index.php\/wp-json\/wp\/v2\/pages\/28","targetHints":{"allow":["GET"]}}],"collection":[{"href":"https:\/\/stumilowylas.edu.pl\/index.php\/wp-json\/wp\/v2\/pages"}],"about":[{"href":"https:\/\/stumilowylas.edu.pl\/index.php\/wp-json\/wp\/v2\/types\/page"}],"author":[{"embeddable":true,"href":"https:\/\/stumilowylas.edu.pl\/index.php\/wp-json\/wp\/v2\/users\/1"}],"replies":[{"embeddable":true,"href":"https:\/\/stumilowylas.edu.pl\/index.php\/wp-json\/wp\/v2\/comments?post=28"}],"version-history":[{"count":11,"href":"https:\/\/stumilowylas.edu.pl\/index.php\/wp-json\/wp\/v2\/pages\/28\/revisions"}],"predecessor-version":[{"id":464,"href":"https:\/\/stumilowylas.edu.pl\/index.php\/wp-json\/wp\/v2\/pages\/28\/revisions\/464"}],"up":[{"embeddable":true,"href":"https:\/\/stumilowylas.edu.pl\/index.php\/wp-json\/wp\/v2\/pages\/433"}],"wp:attachment":[{"href":"https:\/\/stumilowylas.edu.pl\/index.php\/wp-json\/wp\/v2\/media?parent=28"}],"curies":[{"name":"wp","href":"https:\/\/api.w.org\/{rel}","templated":true}]}}

Grupy | żłobek w Józefosławiu

<div class='grid_row clearfix'><div class='grid_col grid_col_12'><div class='ce clearfix'><div>
<p>Do Naszej placówki uczęszczają dzieci w wieku od 6 miesięcy do 3,5 lat. Tworzymy trzy grupy u charakterze otwartym. Wyznacznikiem przynależności do danej grupy jest nie tylko wiek ale także, co jest najbardziej istotne, rozwój emocjonalny i fizyczny dziecka. Staramy się tworzyć grupy dzieci, które znajdują się na podobnym poziomie rozwoju, aby wspólnie, w podobnym tempie rozwijały swoje umiejętności.</p>
</div></div></div></div><div class='grid_row clearfix'><div class='grid_col grid_col_4'><div class='ce clearfix'><h3 class="ce_title"><div>MALUCHY </div></h3><div>
<p>Do tej grupy uczęszczają dzieci w wieku od ok. 0,6 m-ca do ok.1,5 roku życia. Plan dnia jest indywidualnie dostosowany do każdego Maluszka. Jest bardzo elastyczny, dzięki czemu Dzieci śpią, jedzą i bawią się wtedy, kiedy tego potrzebują. Ciocie kierują się indywidualnymi potrzebami poszczególnych dzieci i wskazówkami Rodziców.Some content here depending on data type</p>
</div></div></div><div class='grid_col grid_col_4'><div class='ce clearfix'><h3 class="ce_title"><div>ŚREDNIAKI</div></h3><div>
<p>Do grupy uczęszczają dzieci w wieku od 1,5 do 2,5 lat. Naszym pociechom w ciągu dnia zapewniamy opiekę na wysokim poziomie, łączymy naukę z zabawą, rozwijamy wyobraźnię i dbamy o wszechstronny rozwój i bezpieczeństwo Waszych dzieci. Ciocie organizują zajęcia: plastyczne, ruchowe, muzyczne, zabawy z chustą animacyjną, zabawy manipulacyjne.</p>
</div></div></div><div class='grid_col grid_col_4'><div class='ce clearfix'><h3 class="ce_title"><div>STARSZAKI</div></h3><div>
<p>Do grupy uczęszczają dzieci w wieku od 2,5 do 3,5 roku. W grupie<br />
prowadzone są zajęcia rozwojowe: czytanie bajek, wierszyków, rymowanek,<br />
plastyczne &#8211; rysowanie, malowanie, kolorowanie, lepienie z plasteliny ,<br />
muzyczne: śpiewanie, tańczenie. Dzieci uczą się podstawowej samoobsługi, wprowadzane są elementy gimnastyki. Dodatkowo 2 razy w tygodniu odbywają są zajęcia<br />
z języka angielskiego.&nbsp;</p>
</div></div></div></div>
